) = -o**3 - 83*o**2 + 72*o - 996. Calculate m(-84).
12
Let a(o) = -19*o + 651. Calculate a(33).
24
Let v(l) = l**2 - 93*l + 1470. What is v(85)?
790
Let p(s) = 12*s + 67. Give p(-4).
19
Let w(d) = 23*d - 139. What is w(21)?
344
Let c(g) = -4*g**3 + 135*g**2 + 59*g - 845. Give c(34).
5
Let a(j) = -223*j - 230. Give a(-1).
-7
Let g(a) = -175*a - 7031. Give g(-40).
-31
Let o(f) = -f**3 + 11*f**2 + 22*f + 4. Give o(-2).
12
Let i(d) = 2*d**2 - 3*d - 711. What is i(-18)?
-9
Let y(v) = -66*v - 16902. What is y(-256)?
-6
Let o(f) = -2*f**3 + 69*f**2 - 58*f + 815. Determine o(34).
-1
Let v(u) = 67*u + 824. Give v(-12).
20
Let s(z) = z**2 + z - 8. Determine s(3).
4
Let s(z) = -67*z**2 + 269*z + 7. What is s(4)?
11
Let p(v) = v**2 + 51*v - 1424. Determine p(20).
-4
Let g(k) = -20*k**3 - 158*k**2 + 15*k - 10. Calculate g(-8).
-2
Let z(j) = 97*j**2 + 10*j - 1. What is z(3)?
902
Let j(d) = -66*d**2 + 1519*d - 4. Determine j(23).
19
Let q(y) = -113*y + 949. What is q(8)?
45
Let r(q) = 4*q - 90. What is r(8)?
-58
Let i(n) = -n**3 + 69*n**2 - 253*n - 213. Give i(65).
242
Let f(b) = -323*b + 9691. Calculate f(30).
1
Let t(g) = 27*g + 353. Calculate t(-10).
83
Let q(b) = -389*b + 2543. Give q(6).
209
Let c(d) = -181*d - 165. Give c(-1).
16
Let i(q) = -q**3 + 17*q**2 - 34*q + 59. Give i(15).
-1
Let n(x) = -3*x**2 + 34*x + 66. Give n(-2).
-14
Let y(f) = -5*f**2 - 168*f + 19. Calculate y(-18).
1423
Let w(y) = -89*y + 2660. What is w(30)?
-10
Let t(p) = -530*p - 5819. What is t(-11)?
11
Let n(s) = 756*s + 73317. What is n(-97)?
-15
Let q(n) = -8*n**3 - n**2 + 4*n - 66. Determine q(0).
-66
Let l(q) = 2*q**2 - 69*q - 836. What is l(44)?
0
Let u(q) = 74*q + 3347. What is u(-45)?
17
Let o(s) = 5046*s - 5068. What is o(1)?
-22
Let b(q) = -q**3 - 29*q**2 + 128*q + 1. Give b(4).
-15
Let v(r) = -12*r**3 - 97*r**2 - 2*r + 44. What is v(-8)?
-4
Let o(z) = -3*z - 15. What is o(-9)?
12
Let z(y) = 18*y + 87. Calculate z(-13).
-147
Let n(x) = -3*x**3 - 119*x**2 - 77*x + 479. Give n(-39).
440
Let u(s) = 17*s**3 - 7*s**2 + 8*s - 2. Give u(2).
122
Let o(p) = p**3 + 16*p**2 - 38*p - 2. Calculate o(2).
-6
Let t(o) = 3*o**2 + o - 112. Give t(-7).
28
Let l(r) = -250*r + 7963. Calculate l(32).
-37
Let o(x) = 27*x - 427. Give o(15).
-22
Let i(h) = -h**3 - 3*h**2 - 4*h - 19. What is i(-3)?
-7
Let z(h) = -9*h**2 + 9*h + 22. What is z(2)?
4
Let h(k) = 54*k + 501. What is h(-9)?
15
Let c(u) = -4*u**3 - 45*u**2 - 10*u + 6. Give c(-11).
-5
Let d(c) = c**2 + 37*c - 973. Give d(-56).
91
Let d(n) = -n**2 - 39*n - 164. Give d(-11).
144
Let h(c) = 9*c + 779. Give h(-53).
302
Let c(p) = p**3 - 13*p**2 - 66*p - 38. What is c(17)?
-4
Let s(r) = 1263*r + 22729. Give s(-18).
-5
Let a(t) = 191*t - 6302. What is a(33)?
1
Let a(w) = 2*w**2 - 77*w + 708. What is a(21)?
-27
Let h(v) = 2*v**2 - 152*v - 2097. Determine h(-12).
15
Let p(m) = -20*m + 1347. Determine p(67).
7
Let d(a) = 181*a + 7432. What is d(-41)?
11
Let r(x) = -38*x - 2273. Give r(-58).
-69
Let v(a) = -33*a**2 + 191*a + 41. Give v(6).
-1
Let o(x) = -71*x - 1281. Determine o(-18).
-3
Let s(f) = 2*f**3 - 61*f**2 + 86*f + 33. Determine s(29).
4
Let x(i) = -i**3 + 23*i**2 - 48*i - 78. Determine x(15).
1002
Let c(g) = 20*g - 282. Calculate c(13).
-22
Let v(m) = -m**3 - 34*m**2 - 55*m + 239. What is v(-32)?
-49
Let m(w) = 2*w**2 + 28*w + 57. Determine m(-5).
-33
Let c(w) = -295*w - 296. Calculate c(-1).
-1
Let w(n) = -3*n**3 - 69*n**2 - 5*n - 114. Determine w(-23).
1
Let a(t) = -4*t**3 - 3*t - 7. What is a(3)?
-124
Let r(q) = 14*q - 229. Give r(25).
121
Let f(c) = c**2 + 46*c - 72. Determine f(-45).
-117
Let y(k) = 4*k**2 + 56*k + 154. Determine y(-9).
-26
Let w(n) = -65*n - 2823. What is w(-43)?
-28
Let v(s) = -75*s - 12. What is v(-1)?
63
Let u(o) = o**2 + 52*o + 96. Calculate u(-51).
45
Let a(x) = 3*x**2 + 56*x + 423. What is a(-16)?
295
Let f(j) = -77*j - 41. Calculate f(-3).
190
Let u(a) = -25*a + 712. Determine u(29).
-13
Let m(b) = 5*b**2 + 28*b - 31. What is m(0)?
-31
Let q(t) = t**3 - 189*t**2 + 714*t + 4817. Determine q(185).
7
Let k(o) = 3257*o + 19549. Determine k(-6).
7
Let m(o) = 7*o**3 - 10*o**2 - 2*o - 5. Calculate m(-2).
-97
Let q(l) = -22*l**2 - 7*l + 20. Determine q(4).
-360
Let h(m) = -340*m - 7134. Calculate h(-21).
6
Let b(q) = 3*q**3 - 69*q**2 + 58*q + 98. Give b(22).
-78
Let k(l) = l**2 - 9*l + 3. What is k(8)?
-5
Let d(h) = -55*h + 528. What is d(7)?
143
Let w(q) = -16*q**3 + 308*q**2 - 72*q - 82. Determine w(19).
-6
Let x(s) = -s**3 - 57*s**2 - 110*s - 5. What is x(-55)?
-5
Let d(g) = -g**2 + 542*g + 9510. What is d(-17)?
7
Let f(q) = -35*q**3 + 4*q - 4. Calculate f(1).
-35
Let w(p) = p**3 + 3*p**2 + 5*p + 44. Calculate w(-5).
-31
Let n(z) = 2*z**3 - z**2 - 16*z - 13. What is n(-5)?
-208
Let g(a) = -15*a**2 + 5*a - 9. Calculate g(3).
-129
Let j(h) = -h**2 - 192*h - 4445. Calculate j(-27).
10
Let c(r) = -r**3 - 20*r**2 + 26*r + 219. Give c(-21).
114
Let i(q) = 55*q - 69. Calculate i(-3).
-234
Let a(s) = 2218*s - 15529. Determine a(7).
-3
Let r(t) = -t**3 + 16*t**2 + 72*t - 943. What is r(17)?
-8
Let t(w) = 4*w**2 - 107*w - 41. Calculate t(26).
-119
Let b(l) = -271*l**2 - 1887*l + 80. Calculate b(-7).
10
Let d(q) = -122*q + 642. Give d(7).
-212
Let x(g) = -178*g - 5325. Determine x(-30).
15
Let a(c) = 22*c**2 + 145*c + 249. Calculate a(-3).
12
Let x(f) = 64*f - 1905. What is x(11)?
-1201
Let h(r) = 14*r**2 + 289*r - 13. Give h(-21).
92
Let m(i) = -161*i + 2601. Determine m(16).
25
Let j(u) = -59*u + 90. Give j(2).
-28
Let v(z) = -z**3 + 10*z**2 + 17*z + 86. Determine v(12).
2
Let f(m) = 29*m - 383. Calculate f(10).
-93
Let d(s) = -2*s + 128. Determine d(15).
98
Let b(c) = 6*c**2 - 125*c + 28. Determine b(14).
-546
Let v(d) = d - 249. Give v(0).
-249
Let p(x) = 26*x**3 + 259*x**2 - 3*x + 50. Calculate p(-10).
-20
Let k(p) = -1004*p - 476. Calculate k(-2).
1532
Let v(f) = 2*f**3 - 22*f**2 - 82*f - 58. Give v(14).
-30
Let z(s) = -284*s + 2. What is z(0)?
2
Let c(w) = -10*w - 184. Give c(-22).
36
Let t(f) = f**3 - 16*f**2 + 65*f + 1. Calculate t(7).
15
Let i(j) = 736*j + 4419. Determine i(-6).
3
Let y(x) = 50*x - 294. Determine y(6).
6
Let d(s) = s**3 + 4*s**2 + 61*s + 288. Give d(-4).
44
Let c(k) = -125*k**2 - 15*k + 16. Calculate c(1).
-124
Let c(q) = -8151*q - 105971. Give c(-13).
-8
Let p(m) = 129*m + 814. Calculate p(-9).
-347
Let x(w) = 1179*w + 5899. Give x(-5).
4
Let p(v) = -12*v**2 - 40*v - 4. Determine p(2).
-132
Let l(q) = -q**3 + 55*q**2 - 287*q - 38. Determine l(6).
4
Let j(x) = -3*x**2 - 13*x - 16. Give j(-3).
-4
Let m(f) = -237*f - 23476. What is m(-99)?
-13
Let w(g) = g**3 - 6*g**2 - 44*g + 25. What is w(11)?
146
Let d(o) = o**2 + 10*o - 237. Determine d(0).
-237
Let k(y) = -131*y + 555. Determine k(4).
31
Let j(c) = -5*c + 101. What is j(-5)?
126
Let o(y) = -y**3 - 64*y**2 - 71*y - 59. What is o(-63)?
445
Let m(k) = -553*k + 6. Determine m(-1).
559
Let y(t) = t**3 + 9*t**2 + 12*t + 26. What is y(-7)?
40
Let b(t) = 167*t - 809. Give b(5).
26
Let g(f) = -2*f**2 + 85*f - 86. What is g(1)?
-3
Let c(f) = -10*f + 304. Give c(25).
54
Let x(c) = -70*c - 58. Determine x(-1).
12
Let g(s) = 1354*s - 10917. What is g(8)?
-85
Let b(l) = -l**3 - 13*l**2 + 15*l + 56. Give b(-14).
42
Let d(m) = -6*m + 289. Determine d(47).
7
Let p(n) = 6*n**2 + 84*n + 155. Determine p(-12).
11
Let p(u) = 2*u**2 - 24*u - 403. Give p(21).
-25
Let a(u) = -u**2 + 9*u + 5. What is a(5)?
25
Let r(x) = x**3 + 4*x**2 + 5*x + 35. Calculate r(-5).
-15
Let w(u) = 2*u**3 - 64*u**2 + 2*u + 184. Give w(32).
248
Let m(q) = 2*q**3 - 17*q**2 + 36*q - 14. Calculate m(10).
646
Let i(j) = -2*j**3 - 2*j**2 + 2*j + 5. What is i(-1)?
3
Let i(p) = 2*p**3 + 36*p**2 + 54*p - 9. Give i(-16).
151
Let w(t) = t**3 + 43*t**2 + 372*t + 4. What is w(-12)?
4
Let n(i) = 2*i**3 - 37*i**2 + 12*i + 33. Give n(18).
-75
Let y(u) = u**2 - 46212*u + 184828. Determine y(4).
-4
Let p(f) = 38*f**2 - 928*f + 388. What is p(24)?
4
Let w(q) = 2*q**2 + q - 18. What is w(-9)?
135
Let d(v) = 118*v**2 + 21476*v - 9. Give d(-182).
-9
Let p(c) = 742*c - 10334. What is p(14)?
54
Let p(v) = -14*v**3 + 2*v**2 + 4*v + 4. Give p(-1).
16
Let f(a) = 6*a + 191. Give f(-35).
-19
Let a(m) = -65*m + 89. Determine a(3).
-106
Let p(o) = o**3 - 15*o**2 + 38*o + 51. Calculate p(11).
-15
Let l(d) = -3*d**2 + 4